e greatest common divisor of j and 176?
44
Suppose 1204 = 42*j - 14*j. Calculate the greatest common factor of j and 43.
43
Let x = -2 + 5. Suppose t = -x*t. Let s(y) = y**3 + y**2 - y + 14. Let n be s(t). Calculate the highest common divisor of 14 and n.
14
Let y be 24/(-10) + (-10)/(-25). Let u be (27/(-2))/(y/24). Let d be 2 + (-292)/(-18) - (-8)/(-36). Calculate the highest common divisor of u and d.
18
Let m be (-1)/(3/(-1656))*1/3. Calculate the greatest common factor of 276 and m.
92
Let s be 1/(-2)*19*4. Let w = s + 48. What is the highest common factor of w and 5?
5
Let l be (0 + (-10)/(-3))/(7/84). Calculate the greatest common divisor of l and 16.
8
Suppose -22 = -4*s - 26. Let q(c) = -7*c + 2. Let b be q(s). What is the highest common factor of 27 and b?
9
Let o(r) = r + 8. Let m(z) = z + 8. Let x(g) = -3*m(g) + 2*o(g). Let v be x(-11). What is the greatest common divisor of v and 24?
3
Let l = 104 - 97. Suppose 0*y + 616 = l*y. Calculate the greatest common divisor of y and 11.
11
Let p be (14/42)/((-5)/(-3))*5. Calculate the greatest common divisor of p and 47.
1
Let t = -5 + 125. Let i = t - 72. Calculate the highest common divisor of 72 and i.
24
Suppose 4*l + 2*c = -30 + 126, 0 = -l + 5*c + 35. What is the highest common factor of l and 1?
1
Let g = 77 + -27. Suppose -5*j + g = 5*v, -47 = -0*v - 5*v - 2*j. What is the highest common divisor of 1 and v?
1
Suppose 3*k + 1225 = 2*y, -17*y + 4*k = -14*y - 1836. What is the highest common divisor of 76 and y?
76
Let m be (-41)/(-13) + (-4)/26. Let p(d) = -5 + 0 + 3 - 5*d**2 + 136*d**m + 3*d**2 + 3*d. Let h be p(1). Calculate the greatest common factor of 27 and h.
27
Let w(v) be the third derivative of 19*v**5/60 + v**4/12 - v**3/6 - v**2. Let r be w(1). Calculate the greatest common divisor of 4 and r.
4
Suppose 40*g - 12 = 37*g. Suppose 2*o = n + o - 4, -g = 4*o. Calculate the highest common factor of n and 36.
3
Let y be 17/5 + (-2)/5. Suppose 0 = y*h + h - 48. Suppose 0 = 99*w - 5*w + 386*w - 3840. Calculate the highest common divisor of h and w.
4
Let t = -9 - -14. Suppose t*w - 6 = 14. Suppose -2*g - 5*j + 0*j = -18, -2*g - 4*j + 16 = 0. What is the greatest common divisor of w and g?
4
Let j(y) = y**3 - 10*y**2 + 3*y + 5. Let z be ((-132)/(-16) - 2/8) + 2. Let b be j(z). Calculate the highest common divisor of 280 and b.
35
Let v = -26 + 32. Let d(k) = -k**3 + 6*k**2 + 4*k + 6. Let u be d(v). Calculate the highest common factor of 6 and u.
6
Let v be 1 - (-1 + 1) - -14. Let w(s) = -5*s. Let p = 23 - 29. Let i be w(p). What is the greatest common factor of i and v?
15
Let k be (247/(-76))/(2/(-8)). Calculate the highest common divisor of 143 and k.
13
Suppose -120 = -4*f - 8*f. Suppose -70 - f = -4*v. What is the highest common divisor of v and 5?
5
Let z be (56/(-63))/2 + 436/9. What is the greatest common factor of z and 312?
24
Suppose -4*x - 2 = 3*h, 3*h - x - 4 = 4. Suppose 4*y + 2*g - 40 = 0, -4*y + 32*g + 48 = 36*g. What is the highest common factor of h and y?
2
Let c(p) = p**3 + 17*p**2 + 2*p + 66. Let b be c(-17). What is the highest common divisor of b and 216?
8
Suppose -3*r + 2*u + 32 = 0, -4*r - 3*u - 2*u = -12. Calculate the highest common divisor of 16 and r.
8
Let j be ((-583632)/99)/(-16) - 6/(-11). What is the highest common factor of j and 3?
3
Let w be (1*-1 - (17 + -15)) + 43. Suppose -4*k + 2*d = -260 + 50, k - 2*d - 60 = 0. What is the highest common factor of k and w?
10
Let z = 417 - 222. Suppose -4 = 2*t, 0*t = 3*f + 3*t - 228. What is the highest common divisor of z and f?
39
Suppose d + 5*n - 40 = 0, -5*d + 2*n = 5*n - 90. Calculate the greatest common factor of d and 180.
15
Let v be ((-7)/((-42)/663))/(2/12). What is the greatest common factor of v and 78?
39
Let k be 4/12*(0 + 75). Let p = k + -12. Suppose 0 = r - 5*r + 4*g + 228, -5*g - 77 = -r. What is the highest common divisor of r and p?
13
Let u = -243 - -306. What is the greatest common factor of u and 14?
7
Let m be 9/(-6) + 17/2. Let y = -4 - 1. Let s be 42/30 - (-2)/y. What is the greatest common factor of s and m?
1
Let b be 2/1 + 0 + 3. Let j be b/(-25) - 278/10. Let h = j + 50. Calculate the greatest common divisor of 55 and h.
11
Let n be 5/2*(-4 + 6). Let a be (22/10 - 1)*n. Let r be 5/3*72/4. Calculate the highest common divisor of a and r.
6
Let j = 927 + -507. What is the highest common factor of 56 and j?
28
Let k = 26 - 20. Let v(m) = m**3 - 5*m**2 - 4*m - 6. Let o be v(k). Calculate the highest common factor of 15 and o.
3
Let m(r) = -10*r - 88. Let t be m(-10). Suppose 528 = 5*q - q. What is the highest common divisor of t and q?
12
Let p be 16*140/80*9/7. Calculate the greatest common factor of 32 and p.
4
Let i be (-8050)/(-28)*4/5 - 5. What is the highest common divisor of 9 and i?
9
Let c be (-1)/(2/3*33/(-44)). Suppose -4*z = 5*h - 115, c*h - 30 = -2*z + 30. What is the highest common factor of z and 315?
35
Let t = 1515 - -629. What is the highest common factor of 32 and t?
32
Suppose 608 = 2*i - f, 4*f - 1957 + 741 = -4*i. Calculate the highest common factor of i and 38.
38
Let a(u) = -u**2 + 14*u - 10. Let s be a(3). What is the greatest common factor of s and 391?
23
Let q = -145 + 103. Let o be 96/q + 2 + 172/14. Calculate the highest common divisor of o and 84.
12
Let j = -6 + 7. Let r be -2 - j - (-5 + -49). Let m be (r - 2) + (2 - 1). Calculate the highest common divisor of m and 20.
10
Let u be (-5)/(-10) + -2 + (-33)/(-6). Let r be 16/(((-3)/1)/(-3)). Calculate the highest common factor of r and u.
4
Let p(t) = t**2 + 4*t + 11. Let x = -93 - -84. Let s be p(x). What is the highest common divisor of s and 14?
14
Let b be 13/39*(-1 + 7). Suppose -z + 3*z - 39 = -s, -3*s + 157 = -b*z. Calculate the highest common factor of 7 and s.
7
Let l = -334 + 399. Calculate the greatest common divisor of 15 and l.
5
Let n be (-5)/(5/(-3)) - -3. Suppose 3*c + 108 = n*c. What is the greatest common divisor of 24 and c?
12
Suppose 24*p = 10*p + 9968. What is the greatest common divisor of 267 and p?
89
Let d = 8 + 18. Suppose 0 = -c + p + d, -3*p + 95 = 4*c + 2*p. Let y be 11 + ((-1)/2 - (-4)/(-8)). Calculate the highest common divisor of c and y.
5
Let u be (-5)/15 + -3 + 4/(-6). Let m be (u/6 - -4)*36. Let s be -5*((-6)/3 + -1). What is the greatest common factor of s and m?
15
Let b(f) be the third derivative of -f**5/60 - 7*f**4/24 - f**3/6 + 8*f**2. Let k be b(-3). What is the highest common factor of k and 33?
11
Let u = 7 - 0. Let j(n) = -n**2 + 26*n + 83. Let m be j(19). Suppose 3*x + 6 = -9, m = 3*h + 3*x. What is the greatest common factor of h and u?
7
Let t(a) = 2*a**3 + 36*a**2 - 6*a - 15. Let r be t(-17). What is the greatest common factor of r and 7?
7
Let y(s) = 2*s**3 - 3*s**2 + s - 2. Let d be y(2). Suppose d*u = 4*w - 640, -3*u - 509 - 136 = -4*w. What is the greatest common divisor of 15 and w?
15
Let g be -6 - -21 - (-1)/(-1). Let m = g + -11. Suppose m*t = 4*q - 99, 5*t = -2*q + 11 + 6. Calculate the highest common factor of 63 and q.
21
Let z be (1 + 0)/((-26524)/(-2945) - 9). What is the highest common divisor of z and 45?
5
Let c = 33 + -13. Let l = 31 - c. Suppose -q + x - 6*x = -96, -2*x + 474 = 4*q. What is the highest common factor of q and l?
11
Let x be -1 + -2 - (-48)/2. Let z = 85 - x. Let h be ((-6)/(-4))/(6/z). What is the greatest common factor of 144 and h?
16
Let z(d) = d**3 - 8*d**2 + 19*d - 6. Let o be z(6). Calculate the highest common divisor of 32 and o.
4
Let c(d) = d + 9. Let z be c(-6). Let x be (-1)/((-2)/26) - 3. Let i be (189/35)/((2/x)/1). Calculate the highest common divisor of i and z.
3
Let k(a) = -18*a - 2. Let w be k(-3). Let r = 319 + -280. Calculate the highest common factor of w and r.
13
Let u(w) be the second derivative of w**5/20 + 25*w**4/12 + 4*w**3 + 31*w**2/2 + 18*w. Let b be u(-24). Calculate the highest common divisor of 279 and b.
31
Let v be 6294/(-360)*-4 + (-2)/(-30). Calculate the highest common divisor of v and 406.
14
Let b be 1*(-309)/(-1) - 10/10. What is the highest common divisor of 14 and b?
14
Let j(n) = n**3 + 4*n**2 + 4*n + 4. Let z be j(-3). Let v be 1/(-2) - 3/2. Let c be 6/4 - (-1)/v. What is the highest common factor of z and c?
1
Let j be 1*184*(-6 + 11 + -4). What is the greatest com